p + 79. Calculate c(10).
9
Let o(a) = -a**3 + 6*a**2 - 3*a - 5. What is o(4)?
15
Let f(x) = -35*x**3 + x**2 + x + 1. Calculate f(-1).
36
Let a(o) = o - 13. What is a(-11)?
-24
Let j(y) = -y**2 - 13*y + 10. Calculate j(-7).
52
Let y(i) = -i**2 + 6*i + 2. Give y(5).
7
Let x(i) = -i**3 - 15*i**2 - 15*i - 24. What is x(-14)?
-10
Let v(l) = -2*l**2 + 3*l - 12. Determine v(-5).
-77
Let x(r) = -2*r**3 + 4*r**2 + 3*r + 4. Give x(-3).
85
Let w(a) = -a**2 + 3*a + 8. Give w(6).
-10
Let n(u) = -u**3 - 2*u**2 + 4*u + 4. Give n(-3).
1
Let c(h) = h - 2. Determine c(4).
2
Let i(d) = -d**3 - d**2 + 2*d - 1. Give i(-2).
-1
Let t(j) = j + 3. Give t(-5).
-2
Let h(u) = u**2. What is h(-2)?
4
Let x(c) = -9*c + 104. Give x(9).
23
Let b(m) = 6*m**3 - 4*m**2 + 6*m + 5. Calculate b(2).
49
Let z(v) = -v**2 - 9*v + 16. Give z(-11).
-6
Let x(v) = -v**2 - 10*v + 160. Give x(8).
16
Let f(k) = 12*k**2 - 10*k + 10. Calculate f(1).
12
Let i(l) = l**2 + 10*l + 4. Determine i(-9).
-5
Let w(g) = -g**3 - 11*g**2 - 8*g + 18. Determine w(-11).
106
Let j(a) = 21*a + 106. Determine j(-6).
-20
Let i(r) = r**2 + 14*r - 120. Calculate i(-20).
0
Let b(v) = -80*v + 8. Give b(1).
-72
Let f(c) = -c**3 - 7*c**2 + 2*c + 14. What is f(-7)?
0
Let i(n) = -12*n + 1. Calculate i(-1).
13
Let q(u) = -10*u - 9. Calculate q(-3).
21
Let o(k) = -2*k**2 + 5*k + 4. Give o(5).
-21
Let f(n) = 45*n**2. Determine f(-1).
45
Let x(z) = -9*z + 3. Give x(3).
-24
Let b(g) = -g**2 + 2*g + 5. What is b(5)?
-10
Let v(y) = -28*y - 39. Calculate v(3).
-123
Let f(o) = o**2 - 12*o + 24. Calculate f(10).
4
Let l(x) = x**3 - 2*x**2 - x - 1. What is l(0)?
-1
Let t(b) = 25*b + 118. Calculate t(-5).
-7
Let i(p) = 5*p + 6. Give i(-3).
-9
Let d(t) = -9*t. Calculate d(2).
-18
Let b(u) = -u**2 + 15*u + 15. Determine b(15).
15
Let z(a) = -a**3 - a**2 + a + 12. Calculate z(0).
12
Let g(t) = t**3 - 2*t**2 + 6*t + 7. Calculate g(-3).
-56
Let u(f) = -10*f**3 - 2*f**2 + f. Give u(1).
-11
Let t(a) = a**2 + 26*a - 8. Calculate t(-24).
-56
Let z(v) = 2*v**2 + 1. Give z(1).
3
Let q(w) = w**3 + 8*w**2 + 6*w - 3. What is q(-7)?
4
Let c(r) = 2*r + 7. What is c(-1)?
5
Let b(q) = q**3 + 4*q**2 - 4*q - 1. Determine b(-4).
15
Let q(k) = 2*k + 80. Determine q(-37).
6
Let v(o) = o**2 + 18*o - 602. What is v(17)?
-7
Let q(c) = -9*c - 1. Determine q(-2).
17
Let v(u) = 70*u - 494. Give v(7).
-4
Let m(b) = -b**3 - 5*b**2 + 8*b - 9. What is m(-7)?
33
Let f(t) = -3*t. Determine f(-1).
3
Let s(l) = l**3 + 9*l**2 - 5*l - 5. Determine s(-9).
40
Let t(j) = 5*j**3 + j**2 - 6*j + 7. What is t(1)?
7
Let q(x) = x**3 + x**2 + x + 34. Calculate q(0).
34
Let j(b) = -b**2 + 3*b + 15. Determine j(6).
-3
Let i(b) = b - 10. Determine i(-8).
-18
Let g(r) = -2*r**2 - 4*r - 7. Calculate g(-6).
-55
Let w(o) = o**3 - 6*o**2 + o + 1. Calculate w(4).
-27
Let u(o) = -o**3 + 10*o**2 - 12*o - 31. What is u(8)?
1
Let q(x) = -2*x**3 + 13*x**2 + 5*x + 8. Give q(7).
-6
Let t(b) = 17*b + 22. Determine t(-2).
-12
Let v(s) = -s**3 - 2*s**2 + 10. Determine v(3).
-35
Let t(h) = 2*h - 2. Calculate t(4).
6
Let o(n) = 26*n - 440. What is o(17)?
2
Let a(i) = -i**2 - 13*i - 3. What is a(-12)?
9
Let r(f) = -6*f**2 + 5*f + 2. What is r(-3)?
-67
Let c(y) = -22*y**2 + 6*y + 5. Calculate c(-1).
-23
Let z(l) = -l**3 - 3*l**2 - 2*l + 4. Calculate z(-4).
28
Let g(n) = 7*n - 2. What is g(-4)?
-30
Let o(d) = -3*d**2 + d + 4. What is o(2)?
-6
Let v(j) = j**3 - 9*j**2 + 5*j - 8. Calculate v(8).
-32
Let w(c) = -4*c**2 + 5*c - 1. Determine w(4).
-45
Let x(a) = -4*a**2 + 3. Determine x(3).
-33
Let l(g) = -g**2 + g + 48. Calculate l(10).
-42
Let k(c) = 81*c + 173. Determine k(-2).
11
Let q(h) = -h**3 - 5*h**2 - 3*h - 10. Give q(-4).
-14
Let r(k) = k**3 - k**2 - 1. Give r(-2).
-13
Let w(o) = o**3 + 16*o**2 + 16*o + 30. Determine w(-15).
15
Let a(o) = 2*o - 3. Determine a(4).
5
Let j(f) = -f**3 + 14*f**2 + f - 8. What is j(14)?
6
Let l(u) = u**3 + 5*u**2 + u - 8. Give l(-6).
-50
Let s(b) = b**2 + 10*b + 17. What is s(-8)?
1
Let c(g) = g**3 + 5*g**2 - 176*g + 7. Determine c(11).
7
Let d(y) = 2*y**2 + 5*y + 2. Determine d(-4).
14
Let j(a) = -3*a**3 + 3*a**2 + 2*a. Determine j(-1).
4
Let n(o) = 15*o + 720. Give n(-48).
0
Let h(o) = -o**2 + 13*o - 6. Determine h(11).
16
Let i(w) = -2*w**3 - 46*w**2 - 2*w - 52. Determine i(-23).
-6
Let f(z) = z**2 + 4*z - 1. Determine f(-2).
-5
Let t(x) = 85*x**3 - x**2 - 5*x - 3. Give t(-1).
-84
Let d(t) = -t**3 + t**2 - 4*t - 6. What is d(0)?
-6
Let n(l) = 68*l**2 - 18*l - 17. Calculate n(-1).
69
Let a(w) = -w**2 + 13*w - 17. Calculate a(11).
5
Let p(a) = -4*a**2 + 2*a + 1. Calculate p(-1).
-5
Let a(s) = -s**2 + 12*s - 5. Calculate a(12).
-5
Let h(x) = x**2 + 9*x - 11. What is h(-4)?
-31
Let v(a) = 25*a - 275. Calculate v(11).
0
Let o(v) = -v**2 - 15*v + 17. Determine o(-14).
31
Let c(r) = 2*r + 56. Give c(-17).
22
Let g(s) = -6*s**3 - 2*s - 5. What is g(-2)?
47
Let t(y) = -y**2 - 8*y + 90. What is t(6)?
6
Let z(p) = -15*p + 27. Calculate z(6).
-63
Let m(n) = -4*n - 6. Determine m(-4).
10
Let t(s) = s**2 - 12*s + 7. What is t(13)?
20
Let i(q) = -19*q**2 - 6*q - 5. Give i(-1).
-18
Let p(g) = -g**2 - 6*g - 4. What is p(-5)?
1
Let v(i) = i**2 - 11*i + 2. Calculate v(11).
2
Let q(n) = 11*n - 6. Calculate q(-1).
-17
Let b(x) = 8*x + 94. Calculate b(-12).
-2
Let x(s) = -3*s**2 + 36*s - 2. What is x(8)?
94
Let i(j) = j + 12. Give i(11).
23
Let s(c) = 2*c**2 - 35*c - 35. What is s(17)?
-52
Let x(u) = -u**3 - 4*u**2 + 2*u - 17. Give x(-5).
-2
Let g(c) = c**3 - 4*c**2 + 8*c - 24. What is g(6)?
96
Let o(s) = s**3 + 8*s**2 + 13*s - 3. What is o(-6)?
-9
Let r(l) = -l**2 - 2*l + 19. Calculate r(6).
-29
Let h(g) = -g**2 + 4*g - 1. What is h(3)?
2
Let j(w) = -2*w**3 + w**2 + 2*w - 3. Give j(2).
-11
Let b(p) = p**3 + 9*p**2 - 37*p - 9. Give b(-12).
3
Let t(g) = 5*g + 9. Determine t(-2).
-1
Let p(z) = z**2 - 2*z - 8. What is p(5)?
7
Let u(b) = b + 47. Determine u(0).
47
Let r(x) = -x**3 + 9*x**2 - 13*x - 10. Calculate r(7).
-3
Let h(c) = c**3 + 4*c**2 - 3*c - 5. Determine h(0).
-5
Let m(t) = t**3 - 9*t**2 + 6*t + 1. Calculate m(8).
-15
Let l(r) = -r**3 + 4*r**2 - 4*r + 1. What is l(4)?
-15
Let b(g) = g**2 + 7*g + 5. What is b(-7)?
5
Let f(g) = -g**3 - 5*g**2 + 3*g - 11. Determine f(-6).
7
Let h(g) = 6*g**2 + 3*g - 2. Determine h(2).
28
Let k(v) = 5*v - 8. What is k(2)?
2
Let o(g) = 3*g - 7. Calculate o(-3).
-16
Let w(z) = -z**3 + 29*z**2 - 58*z + 56. Determine w(27).
-52
Let p(m) = -m + 1. What is p(4)?
-3
Let j(u) = -u**2 - u - 9. Determine j(0).
-9
Let h(m) = m**2 + 2*m - 24. What is h(4)?
0
Let p(r) = -r**2 - 3*r + 2. Calculate p(-6).
-16
Let x(k) = -k + 8. What is x(4)?
4
Let x(c) = c - 71. What is x(2)?
-69
Let g(p) = p**3 + 6*p**2 - 17*p - 10. Determine g(-8).
-2
Let s(a) = -a**2 + a - 39. Determine s(0).
-39
Let j(d) = 10*d - 52. Give j(13).
78
Let p(t) = t**2 + 2*t + 2. Calculate p(-4).
10
Let x(c) = -c**2 - 11*c + 13. Calculate x(-13).
-13
Let c(w) = -w**3 + 7*w**2 + 7*w + 7. Calculate c(8).
-1
Let c(p) = p**2 + 19*p - 6. Calculate c(-20).
14
Let b(v) = -v**3 + 9*v**2 - 8*v + 20. Determine b(7).
62
Let x(p) = p**3 - 16*p**2 - 17*p + 8. Calculate x(17).
8
Let m(p) = -p**3 - 7*p**2 + 18*p + 2. Calculate m(-9).
2
Let s(h) = -2*h - 15. Give s(-14).
13
Let t(f) = -f**3 - 6*f**2 + 3*f - 3. Give t(-6).
-21
Let j(r) = -r**3 - 8*r**2 + 13*r + 83. Give j(-8).
-21
Let m(o) = 4*o**2 - 4*o + 16. Give m(3).
40
Let d(h) = -h. Calculate d(6).
-6
Let b(w) = w**2 + 18*w + 14. What is b(-18)?
14
Let y(j) = -6*j - 5. Determine y(-4).
19
Let d(g) = 19*g - 8. Calculate d(-7).
-141
Let u(o) = 18*o + 13. What is u(-6)?
-95
Let m(l) = -l**2 + 5*l - 2. What is m(5)?
-2
Let n(q) = -7*q - 2. Determine n(6).
-44
Let y(t) = -t**3 - 41*t**2 + 45*t + 122. What is y(-42)?
-4
Let r(v) = 5*v + 259. Calculate r(-53).
-6
Let j(r) = -3*r**2 - 28*r + 13. Determine j(-10).
-7
Let n(l) = 9*l - 70. What is n(6)?
-16
Let f(z) = -4*z - 256. Calculate f(-63).
-4
Let j(o) = -o**3 + 9*o**2 + 23*o - 7. Calculate j(11).
4
Let q(d) = -d**2 - 25*d + 48. Give q(-27).
-6
Let f(o) = 2*o - 10. Determine f(4).
-2
Let d(u) = u**2 + 24*u + 26. Determine d(-20).
-54
Let c(q) = q**3 - 4*q**2 + 2*q - 2. Give c(3).
-5
Let x(g) = g**3 - 5*g**2 - g + 7. Calculate x(5).
2
Let q(j) = -38*j + 4. What is q(1)?
-34
Let d(x) = 5*x + 2. What is d(0)?
2
L